{"id":1323,"date":"2023-01-19T18:38:46","date_gmt":"2023-01-19T16:38:46","guid":{"rendered":"https:\/\/vfp-archaeologie.fs.lmu.de\/?page_id=1323"},"modified":"2023-01-21T14:20:00","modified_gmt":"2023-01-21T12:20:00","slug":"umtrunke","status":"publish","type":"page","link":"https:\/\/vfp-archaeologie.fs.lmu.de\/?page_id=1323","title":{"rendered":"Umtr\u00fcnke"},"content":{"rendered":"\n<p class=\"has-medium-font-size\">Was sind Umtr\u00fcnke?<\/p>\n\n\n\n<p>Nach Vortr\u00e4gen organisiert die Fachschaft leckere Happen und Wein, um den Teilnehmern eine entspannte Atmosph\u00e4re f\u00fcr Gespr\u00e4che zu bieten!<\/p>\n\n\n\n<p>Eine perfekte M\u00f6glichkeit f\u00fcr weitere Fragen oder aber das Connecten mit Arch\u00e4ologen au\u00dferhalb der LMU.<\/p>\n\n\n\n<p>Bei Umtr\u00fcnken ist jeder willkommen und gern gesehen, egal wie lange du schon studierst. <\/p>\n","protected":false},"excerpt":{"rendered":"<p>Was sind Umtr\u00fcnke? Nach Vortr\u00e4gen organisiert die Fachschaft leckere Happen und Wein, um den Teilnehmern eine entspannte Atmosph\u00e4re f\u00fcr Gespr\u00e4che zu bieten! Eine perfekte M\u00f6glichkeit f\u00fcr weitere Fragen oder aber das Connecten mit Arch\u00e4ologen au\u00dferhalb der LMU. Bei Umtr\u00fcnken ist jeder willkommen und gern gesehen, egal wie lange du schon studierst.<\/p>\n","protected":false},"author":6,"featured_media":0,"parent":0,"menu_order":0,"comment_status":"closed","ping_status":"closed","template":"","meta":[],"_links":{"self":[{"href":"https:\/\/vfp-archaeologie.fs.lmu.de\/index.php?rest_route=\/wp\/v2\/pages\/1323"}],"collection":[{"href":"https:\/\/vfp-archaeologie.fs.lmu.de\/index.php?rest_route=\/wp\/v2\/pages"}],"about":[{"href":"https:\/\/vfp-archaeologie.fs.lmu.de\/index.php?rest_route=\/wp\/v2\/types\/page"}],"author":[{"embeddable":true,"href":"https:\/\/vfp-archaeologie.fs.lmu.de\/index.php?rest_route=\/wp\/v2\/users\/6"}],"replies":[{"embeddable":true,"href":"https:\/\/vfp-archaeologie.fs.lmu.de\/index.php?rest_route=%2Fwp%2Fv2%2Fcomments&post=1323"}],"version-history":[{"count":3,"href":"https:\/\/vfp-archaeologie.fs.lmu.de\/index.php?rest_route=\/wp\/v2\/pages\/1323\/revisions"}],"predecessor-version":[{"id":1400,"href":"https:\/\/vfp-archaeologie.fs.lmu.de\/index.php?rest_route=\/wp\/v2\/pages\/1323\/revisions\/1400"}],"wp:attachment":[{"href":"https:\/\/vfp-archaeologie.fs.lmu.de\/index.php?rest_route=%2Fwp%2Fv2%2Fmedia&parent=1323"}],"curies":[{"name":"wp","href":"https:\/\/api.w.org\/{rel}","templated":true}]}}